648 - -642. Let y(c) be the third derivative of c**6/120 + c**5/10 - c**4/24 - 2*c**3/3 + 20*c**2. Determine y(v).
2
Let i(f) = -f**2 - 8*f + 56. Suppose -2*j - n - 33 = 0, -4*j = 5*n + 59 + 28. What is i(j)?
-9
Let q(x) = -2 + 8*x + 16 - 7*x - 20. Calculate q(4).
-2
Let g be (4*6)/(6/4). Suppose 4*c - 2 = 3*f, 9 - 13 = 3*f - 5*c. Suppose -g = 4*k, -f*b + k = 3*k. Let q(y) = -2*y**2 + 6*y. Determine q(b).
-8
Let i(x) = x**2 + 4*x - 6. Let z = -14029 - -13991. Suppose 3*h + v = 6*v + 74, -86 = -2*h - 4*v. Let l = h + z. What is i(l)?
-1
Let i(j) be the second derivative of j**4/12 + j**3/3 - 4*j**2 - 115*j + 3. Let o = 7 + -13. Calculate i(o).
16
Let r(u) = -7*u**2 + 19*u + 2. Let p(y) = -3*y**2 + 9*y + 1. Let z(d) = 2*d**2 + d - 4. Let x be z(0). Let k(h) = x*r(h) + 9*p(h). Calculate k(-5).
1
Let d = 17715 - 17709. Let z(o) be the first derivative of -o**3/3 + 3*o**2 + 6*o + 13. Determine z(d).
6
Let l(t) = -62 - 9*t**2 + t**3 + 320 - 4*t - 91 - 93 - 88. What is l(10)?
46
Let x(f) = -4*f + 3. Let v(z) = 9*z - 6. Suppose -5*w - 15 = -0*w, -m = -4*w - 7. Let s(g) = m*x(g) - 2*v(g). Suppose 2*j - 14 = -2. Determine s(j).
9
Suppose -5*n + 58 - 5 = 3*q, -q + 11 = 5*n. Let b(w) = 20*w + 7 - q*w - 7. Give b(4).
-4
Let u be -1*5*(-79)/395. Let m(p) = 6*p + 4. What is m(u)?
10
Let j(k) = -13*k - 15. Let p be j(5). Let q be ((-4)/(-14))/(p/(-280)). Let t(f) = f**2 - f + 1. Calculate t(q).
1
Suppose 0 = 4*j - 2*c + 2, -j + 0*c + 12 = 2*c. Let o = 98 - 66. Let s(u) = 39*u + o*u - 73*u. Calculate s(j).
-4
Suppose -3*n - n = 4*w - 16, w + 3*n = 6. Let j(d) = 3*d**2 + 33*d - 20. Let c be j(-12). Let f(z) = 19*z + 4 - 37*z + c*z. Determine f(w).
-2
Let k(y) be the first derivative of -y**2/2 - 7*y + 403. Let g(h) = h**3 + h**2 - 6. Let f be g(0). Give k(f).
-1
Let f be (3 - (-44)/(-16))*0. Suppose 2*m - x - 22 = f, 0 = 4*m - 2*x + 3*x - 44. Let d(z) = z - 16. Give d(m).
-5
Suppose 36*o + 365 = -33*o - 532. Let l(s) = s**3 + 15*s**2 + 29*s + 16. Determine l(o).
-23
Let d(o) = -o - 2. Suppose -29 + 7 = -2*z. Suppose -k = -z + 14. What is d(k)?
1
Let w(m) = 15*m + 11*m - 23*m. Suppose -17*x + 35 + 101 = 0. Give w(x).
24
Let v(g) = -3*g**2 - 20*g + 3. Let q(j) = -5*j**2 - 36*j + 4. Let r(m) = -4*q(m) + 7*v(m). Suppose h - 25 = -4*h. Suppose -h*u + u = -24. What is r(u)?
-7
Let i(n) = -n**2 + 5*n + 7. Suppose 4*h - 6 = 10. Suppose -r = h, 2*w - r = 9 + 5. Calculate i(w).
7
Let b(y) be the second derivative of -192*y + 1/3*y**3 + 0 + 2*y**2. Give b(0).
4
Let k(t) = t**2 - 5*t + 5. Let c(d) = 2*d - 1. Let b = 689 + -690. Let u(h) = b*k(h) + 3*c(h). Give u(10).
2
Let m(n) be the third derivative of -n**5/60 + n**4/8 - n**3/2 - 5*n**2 + 39*n. Let u(s) = -2*s**3 - s**2 + 1. Suppose q - 5 = 6*q. Let t be u(q). What is m(t)?
-1
Let g(u) = -4*u**3 + 4*u**2 + 2*u + 13. Let l(r) = 2*r**3 - 2*r**2 - r - 7. Let h(s) = -6*g(s) - 11*l(s). Let m be (-2 - 80/(-36))*9. What is h(m)?
5
Let r = -8547 - -8553. Let j(b) = -b**2 - 2*b + 13. Give j(r).
-35
Let d(y) = y**2 - 5*y - 2. Suppose 13*q - 9*q + 4*u = -84, -3*u = -4*q - 70. Suppose 2*f + 13 = -3*j + 87, 3*j - 5*f = 67. Let n = j + q. Give d(n).
-2
Let m(k) = 19*k**2 + 58*k + 24. Let s(z) = -3*z**2 - 10*z - 4. Let i(b) = 2*m(b) + 13*s(b). Calculate i(0).
-4
Let m(f) = 4*f - 14. Let v(z) be the third derivative of -z**5/12 - 11*z**4/3 - 41*z**3/6 - 126*z**2. Let i be v(-17). Calculate m(i).
26
Let d be 2/((-7)/(-119)*(30 + -47)). Let f(i) = -3*i**3 - 1 + 6*i**3 - 4*i + 3*i**2 + 5*i. Determine f(d).
-15
Let a(b) = 9*b**2 - b - 6. Let i(v) = -28*v**2 + 5*v + 21. Let c(f) = -19*f + 140. Let p be c(7). Let z(w) = p*a(w) + 2*i(w). Give z(-2).
22
Let o be 18/(-30) - 54/(-15). Let c(u) = -10*u + o + 25*u - 11*u + 2*u**2 + 0. Calculate c(-2).
3
Let k(p) = p**3 + 7*p**2 + p - 7. Suppose -12*l - 30 = -174. Suppose -j - 4*j - 18 = w, -l = 4*j. Let t be w*(-1 - (-30)/9). Calculate k(t).
-14
Let a(y) = 2*y**2 - 259*y - 1 - 3*y**2 + 518*y - 257*y. Calculate a(7).
-36
Let g = 117 - 116. Let z(d) = 89*d - 91*d - 2 - g. What is z(-3)?
3
Let x be -5 + (-231)/(-49) + 95/(-35) + 2. Let k(r) = 3*r**2 + 1. Determine k(x).
4
Let r(x) = x**2 - 2*x - 42. Let l be r(-6). Let p(y) = -143*y**2 + 143*y**2 - 5*y**3 + l*y**3. Determine p(-1).
-1
Let p = 193 + -67. Suppose -p*f + 35 = -119*f. Let q(i) = 4*i**2 + 12*i + i**3 - 2*i**3 - 5*i - 5. Determine q(f).
5
Let d = -906 - -908. Let h(m) = 15*m**2 - 3*m + 5 - 4*m**2 - 12*m**d. What is h(2)?
-5
Let g = 2695 + -2692. Let a(r) = 2*r**2 - 5*r + 9. Give a(g).
12
Let j(h) = 13*h**2 - 11*h + 86. Let u(n) = 5*n**2 - 5*n + 29. Let p(y) = -3*j(y) + 8*u(y). Give p(10).
4
Let w(o) be the first derivative of 7*o**2/2 + 37*o - 437. What is w(-6)?
-5
Let z(m) = 1 + 76*m - 219*m + 0*m + 61*m + 53*m. What is z(-2)?
59
Let j = -9 + 13. Suppose 0 = 16*v - j*v - 24. Let q(s) = 0*s + 2*s**2 - 7*s**2 - 2*s + 1 + 3*s**2. Determine q(v).
-11
Let n(m) = -5*m**2 + 9*m + 13. Let d(x) = -2 + x**2 - 2*x**2 + 3. Let t(u) = 6*d(u) - n(u). Suppose 168 = -42*o - 126. Determine t(o).
7
Let a(r) be the third derivative of r**6/360 - r**5/60 - r**4/4 - 9*r**3 + 100*r**2. Let b(o) be the first derivative of a(o). Give b(-4).
18
Let f = -2 - -5. Let j(d) = -4*d + 3 + d**f - d**2 - 7 + 3. Suppose 3*c - 15 = 5*r, 0 = 4*r - 63*c + 60*c + 18. Give j(r).
5
Let z be (0/11)/(12/4). Let c(x) be the third derivative of -1/6*x**5 + 0*x**4 + 0 - 4*x**2 + z*x + 1/6*x**3. Give c(1).
-9
Let h(c) = 214*c - 509. Let n(y) = 374*y - 872. Let j(r) = 16*h(r) - 9*n(r). Give j(5).
-6
Let a = 231 - 232. Let d(s) = -s**3 - 3*s**2 - 9*s - 10. Let t(g) = g**2 - 2. Let n(m) = a*d(m) + 6*t(m). Determine n(-8).
-10
Let p(f) be the first derivative of -f**4/4 - 4*f**3/3 + f - 1. Let z(h) = -34*h**2 + 237*h + 3. Let y be z(6). Suppose -197*v = -y*v - 20. Give p(v).
26
Let u(x) = 5*x**3 - 36*x**2 + 6*x - 3. Let n(m) = m**3 - 57*m**2 - 90*m - 1645. Let v be n(59). Determine u(v).
-10
Suppose 26 = 10*u - 24 - 30. Let j(q) = q**2 - 4*q - 42. Calculate j(u).
-10
Let r(y) = -5*y**3 + 21*y**2 - 5*y. Let p(k) = -2*k**3 + 7*k**2 + k - 1. Let o(l) = 2*p(l) - r(l). Determine o(7).
47
Let t = 17773 - 17777. Let v(g) = 3*g**3 + 7*g**2 + 5*g - 4. What is v(t)?
-104
Let w(a) = -a**3 + 5*a**2 - 1. Suppose -3*d - 4*m + 482 = 0, 0 = -2*m + 10. Let g = d - 149. Determine w(g).
-1
Let u(q) = -15*q**3 - 86*q**2 + 288*q + 74. Let p(w) = -7*w**3 - 42*w**2 + 133*w + 37. Let r(o) = -13*p(o) + 6*u(o). What is r(-30)?
-7
Let c = 107 - -106. Let x = c - 203. Let g(a) be the first derivative of a**4/4 - 3*a**3 - 9*a**2/2 - 9*a - 4. Calculate g(x).
1
Let l(c) = -11*c**2 - 6*c - 1. Let n(j) = j**3 - 2*j**2 + 2*j + 2. Let u(k) = l(k) - n(k). Give u(-8).
-3
Let b(n) = -17*n - 9. Suppose -c + 12 = 2*d, 0 = 5*c + 5*d - 18 - 7. Determine b(c).
25
Let m(s) = 30*s - 24 + 56 - 27. Calculate m(-2).
-55
Let n(l) be the first derivative of -1/3*l**3 + 8*l - 101 - 5/2*l**2. Determine n(-5).
8
Let l(v) = 48*v - 241. Let a = -17557 - -17562. What is l(a)?
-1
Suppose 36 = -7*g - 41. Let x(u) = -5*u**3 + 29*u**2 - 35. Let w(d) = d**3 - 6*d**2 + 7. Let f(n) = g*w(n) - 2*x(n). Calculate f(8).
-7
Let d(h) be the first derivative of -h**2/2 - 21*h + 1894. Determine d(10).
-31
Let h(z) = z - 1. Let d be (-3)/7 + 51/21. Suppose 3*m - m - g - 4 = 0, -2*m + 2 = -d*g. Suppose -5*t + 31 = 3*w, -7 = -m*t + w + 6. Calculate h(t).
4
Let h(l) = -7*l - 3. Let q be (4 - (-63)/(-4))/((-4)/(-48)). Let z = 138 + q. Determine h(z).
18
Let u = 141 - 143. Let j(w) = 3*w**2 + w**2 + w - 28 + 28. Determine j(u).
14
Let z(a) = -1479*a + 8916. Let t be z(6). Let x = -3 - -46. Let g = t - x. Let c(k) = -11*k**3 - k**2 - 2*k - 1. Give c(g).
11
Let a be (-1)/3 + (-50)/(-6). Let g = a + -6. Let q(x) be the third derivative of x**5/60 - x**4/24 - x**3/6 - 11886*x**2. Calculate q(g).
1
Let p(b) = -14*b**3 + b**2 + b - 1. Let w = -436 + 442. Let a be w/1 - 150/30. Determine p(a).
-13
Let h = -113 + 115. Let d(u) = -29*u**h + 2 + 13*u**2 + 0 + 15*u**2 + u. Calculate d(2).
0
Let h(a) be the first derivative of -155 + a + 3/2*a**2. Give h(8).
25
Let u = -294096 + 294098. Let y(j) be the third derivative of j**5/60 - j**4/8 + j**3/6 - 2*j**2. Calculate y(u).
-1
Let p(r) = r**2 - 12*r - 16. Let w(i) = -i**2 + 15*i + 18. Let h(v) = 5*p(v) + 4*w(v). Give h(